{"id":331,"date":"2017-10-18T15:54:02","date_gmt":"2017-10-18T13:54:02","guid":{"rendered":"http:\/\/92.51.145.43\/kfe\/?page_id=331"},"modified":"2025-06-24T13:34:47","modified_gmt":"2025-06-24T11:34:47","slug":"impressum","status":"publish","type":"page","link":"https:\/\/smartmeter-franken.de\/index.php\/impressum\/","title":{"rendered":"Impressum"},"content":{"rendered":"\t\t<div data-elementor-type=\"wp-page\" data-elementor-id=\"331\" class=\"elementor elementor-331\">\n\t\t\t\t\t\t\t\t\t<section class=\"elementor-section elementor-top-section elementor-element elementor-element-s09wx2y elementor-section-full_width elementor-section-height-default elementor-section-height-default\" data-id=\"s09wx2y\" data-element_type=\"section\">\n\t\t\t\t\t\t<div class=\"elementor-container elementor-column-gap-default\">\n\t\t\t\t\t<div class=\"elementor-column elementor-col-100 elementor-top-column elementor-element elementor-element-g4dco3h\" data-id=\"g4dco3h\" data-element_type=\"column\" data-settings=\"{&quot;background_background&quot;:&quot;classic&quot;}\">\n\t\t\t<div class=\"elementor-widget-wrap elementor-element-populated\">\n\t\t\t\t\t\t\t\t<div class=\"elementor-element elementor-element-64hht73 elementor-widget elementor-widget-image\" data-id=\"64hht73\" data-element_type=\"widget\" data-widget_type=\"image.default\">\n\t\t\t\t<div class=\"elementor-widget-container\">\n\t\t\t<style>\/*! elementor - v3.10.1 - 17-01-2023 *\/\n.elementor-widget-image{text-align:center}.elementor-widget-image a{display:inline-block}.elementor-widget-image a img[src$=\".svg\"]{width:48px}.elementor-widget-image img{vertical-align:middle;display:inline-block}<\/style>\t\t\t\t\t\t\t\t\t\t\t\t<img decoding=\"async\" width=\"1900\" height=\"750\" src=\"https:\/\/smartmeter-franken.de\/wp-98179-content\/uploads\/2017\/10\/header.jpg\" class=\"attachment-full size-full wp-image-330\" alt=\"Header\" loading=\"lazy\" srcset=\"https:\/\/smartmeter-franken.de\/wp-98179-content\/uploads\/2017\/10\/header.jpg 1900w, https:\/\/smartmeter-franken.de\/wp-98179-content\/uploads\/2017\/10\/header-300x118.jpg 300w, https:\/\/smartmeter-franken.de\/wp-98179-content\/uploads\/2017\/10\/header-768x303.jpg 768w, https:\/\/smartmeter-franken.de\/wp-98179-content\/uploads\/2017\/10\/header-1024x404.jpg 1024w\" sizes=\"(max-width: 1900px) 100vw, 1900px\" \/>\t\t\t\t\t\t\t\t\t\t\t\t\t\t\t<\/div>\n\t\t\t\t<\/div>\n\t\t\t\t\t<\/div>\n\t\t<\/div>\n\t\t\t\t\t\t\t<\/div>\n\t\t<\/section>\n\t\t\t\t<section class=\"elementor-section elementor-top-section elementor-element elementor-element-nsuciyt elementor-section-boxed elementor-section-height-default elementor-section-height-default\" data-id=\"nsuciyt\" data-element_type=\"section\">\n\t\t\t\t\t\t<div class=\"elementor-container elementor-column-gap-default\">\n\t\t\t\t\t<div class=\"elementor-column elementor-col-100 elementor-top-column elementor-element elementor-element-qwoxvxb\" data-id=\"qwoxvxb\" data-element_type=\"column\">\n\t\t\t<div class=\"elementor-widget-wrap elementor-element-populated\">\n\t\t\t\t\t\t\t\t<section class=\"elementor-section elementor-inner-section elementor-element elementor-element-n1yupg5 elementor-section-boxed elementor-section-height-default elementor-section-height-default\" data-id=\"n1yupg5\" data-element_type=\"section\">\n\t\t\t\t\t\t<div class=\"elementor-container elementor-column-gap-default\">\n\t\t\t\t\t<div class=\"elementor-column elementor-col-100 elementor-inner-column elementor-element elementor-element-dtvg5ef\" data-id=\"dtvg5ef\" data-element_type=\"column\">\n\t\t\t<div class=\"elementor-widget-wrap elementor-element-populated\">\n\t\t\t\t\t\t\t\t<div class=\"elementor-element elementor-element-wu1ee1m header-txt-h1 elementor-widget elementor-widget-text-editor\" data-id=\"wu1ee1m\" data-element_type=\"widget\" data-widget_type=\"text-editor.default\">\n\t\t\t\t<div class=\"elementor-widget-container\">\n\t\t\t<style>\/*! elementor - v3.10.1 - 17-01-2023 *\/\n.elementor-widget-text-editor.elementor-drop-cap-view-stacked .elementor-drop-cap{background-color:#818a91;color:#fff}.elementor-widget-text-editor.elementor-drop-cap-view-framed .elementor-drop-cap{color:#818a91;border:3px solid;background-color:transparent}.elementor-widget-text-editor:not(.elementor-drop-cap-view-default) .elementor-drop-cap{margin-top:8px}.elementor-widget-text-editor:not(.elementor-drop-cap-view-default) .elementor-drop-cap-letter{width:1em;height:1em}.elementor-widget-text-editor .elementor-drop-cap{float:left;text-align:center;line-height:1;font-size:50px}.elementor-widget-text-editor .elementor-drop-cap-letter{display:inline-block}<\/style>\t\t\t\t<h1 style=\"text-align: center;\">IMPRESSUM<\/h1>\t\t\t\t\t\t<\/div>\n\t\t\t\t<\/div>\n\t\t\t\t\t<\/div>\n\t\t<\/div>\n\t\t\t\t\t\t\t<\/div>\n\t\t<\/section>\n\t\t\t\t<div class=\"elementor-element elementor-element-yopewqm elementor-widget elementor-widget-text-editor\" data-id=\"yopewqm\" data-element_type=\"widget\" data-widget_type=\"text-editor.default\">\n\t\t\t\t<div class=\"elementor-widget-container\">\n\t\t\t\t\t\t\t<p><strong>Kooperationsgesellschaft fr\u00e4nkischer Elektrizit\u00e4tswerke mbH<\/strong><br \/>Gundekarstrasse 2<br \/>85072 Eichst\u00e4tt<br \/>Telefon: 0 84 21 \/ 60 05 24<br \/>Telefax: 0 84 21 \/ 60 05 64<\/p><p>Internet: www.kfelt.de<br \/>E-Mail: info@kfelt.de<\/p><p><strong>Gesch\u00e4ftsf\u00fchrer:<\/strong><br \/>Tilo Eschrich<br \/>Steffen Fensterer<\/p><p>Vorsitzender der Gesellschafterversammlung:<br \/>Matthias Schwarz, 1. B\u00fcrgermeister der Stadt Burgbernheim<\/p><p><strong>Handelsregister \/ Umsatzsteuernummer<\/strong><br \/>HRB 2584, Registergericht Ingolstadt<br \/>Steuer Nr. 9\/124\/130\/70080<br \/>Umsatzsteueridentifikationsnummer: DE199318928<\/p><p><strong>Der Inhalt dieser Seite gilt auch f\u00fcr folgende Unternehmen:<\/strong><\/p><ul class=\"li-play fa-ul\"><li><i class=\"fa-li fa fa-play\" aria-hidden=\"true\"><\/i>Stadtwerke Dettelbach<\/li><li><i class=\"fa-li fa fa-play\" aria-hidden=\"true\"><\/i>Elektrizit\u00e4tswerk Mainbernheim GmbH<\/li><li><i class=\"fa-li fa fa-play\" aria-hidden=\"true\"><\/i>Stadtwerke Scheinfeld<\/li><li><i class=\"fa-li fa fa-play\" aria-hidden=\"true\"><\/i>Neustadtwerke GmbH<\/li><li><i class=\"fa-li fa fa-play\" aria-hidden=\"true\"><\/i>Stadtwerke Uffenheim<\/li><li><i class=\"fa-li fa fa-play\" aria-hidden=\"true\"><\/i>Stadtwerke Bad Windsheim<\/li><li><i class=\"fa-li fa fa-play\" aria-hidden=\"true\"><\/i>Stadtwerke Langenzenn<\/li><li><i class=\"fa-li fa fa-play\" aria-hidden=\"true\"><\/i>Stadtwerke Burgbernheim<\/li><li><i class=\"fa-li fa fa-play\" aria-hidden=\"true\"><\/i>Gemeindewerke Wilhermsdorf<\/li><li><i class=\"fa-li fa fa-play\" aria-hidden=\"true\"><\/i>Gemeindewerke Cadolzburg<\/li><li><i class=\"fa-li fa fa-play\" aria-hidden=\"true\"><\/i>Gemeindewerke R\u00fcckersdorf<\/li><li><i class=\"fa-li fa fa-play\" aria-hidden=\"true\"><\/i>St\u00e4dtische Werke Lauf a.d. Pegnitz GmbH<\/li><li><i class=\"fa-li fa fa-play\" aria-hidden=\"true\"><\/i>St\u00e4dtische Werke Rothenburg<\/li><li><i class=\"fa-li fa fa-play\" aria-hidden=\"true\"><\/i>Stadtwerke Leutershausen<\/li><li><i class=\"fa-li fa fa-play\" aria-hidden=\"true\"><\/i>Stadtwerke Heilsbronn<\/li><li><i class=\"fa-li fa fa-play\" aria-hidden=\"true\"><\/i>Stadtwerke Stein GmbH &amp; Co. KG<\/li><li><i class=\"fa-li fa fa-play\" aria-hidden=\"true\"><\/i>Feuchter Gemeindewerke GmbH<\/li><li><i class=\"fa-li fa fa-play\" aria-hidden=\"true\"><\/i>Gemeindewerke Schwarzenbruck GmbH<\/li><li><i class=\"fa-li fa fa-play\" aria-hidden=\"true\"><\/i>Gemeindewerke Lichtenau<\/li><li><i class=\"fa-li fa fa-play\" aria-hidden=\"true\"><\/i>Gemeindewerke Neuendettelsau<\/li><li><i class=\"fa-li fa fa-play\" aria-hidden=\"true\"><\/i>Stadtwerke Windsbach<\/li><li><i class=\"fa-li fa fa-play\" aria-hidden=\"true\"><\/i>Stadtwerke Roth<\/li><li><i class=\"fa-li fa fa-play\" aria-hidden=\"true\"><\/i>Gemeindewerke Georgensgm\u00fcnd<\/li><li><i class=\"fa-li fa fa-play\" aria-hidden=\"true\"><\/i>Stadtwerke Feuchtwangen<\/li><li><i class=\"fa-li fa fa-play\" aria-hidden=\"true\"><\/i>Stadtwerke Dinkelsb\u00fchl<\/li><li><i class=\"fa-li fa fa-play\" aria-hidden=\"true\"><\/i>Stadtwerke Gunzenhausen GmbH<\/li><li><i class=\"fa-li fa fa-play\" aria-hidden=\"true\"><\/i>Gemeindewerke Pleinfeld<\/li><li><i class=\"fa-li fa fa-play\" aria-hidden=\"true\"><\/i>Stadtwerke Wei\u00dfenburg GmbH<\/li><li><i class=\"fa-li fa fa-play\" aria-hidden=\"true\"><\/i>Raiffeisenbank Greding<\/li><li><i class=\"fa-li fa fa-play\" aria-hidden=\"true\"><\/i>Thalm\u00e4ssing eG Gesch\u00e4ftsbereich: Stromversorgung (SVG)<\/li><li><i class=\"fa-li fa fa-play\" aria-hidden=\"true\"><\/i>Stadtwerke Treuchtlingen<\/li><li><i class=\"fa-li fa fa-play\" aria-hidden=\"true\"><\/i>Stadtwerke Pappenheim<\/li><li><i class=\"fa-li fa fa-play\" aria-hidden=\"true\"><\/i>Markt Kipfenberg<\/li><li><i class=\"fa-li fa fa-play\" aria-hidden=\"true\"><\/i>Stadtwerke Eichst\u00e4tt GmbH<\/li><\/ul><p><strong><br \/>Haftung f\u00fcr Inhalte<\/strong><br \/>Die Inhalte unserer Seiten wurden mit gr\u00f6\u00dfter Sorgfalt erstellt. F\u00fcr die Richtigkeit, Vollst\u00e4ndigkeit und Aktualit\u00e4t der Inhalte k\u00f6nnen wir jedoch keine<br \/>Gew\u00e4hr \u00fcbernehmen.<\/p><p>Als Diensteanbieter sind wir gem\u00e4\u00df \u00a7 6 Abs.1 MDStV und \u00a7 8 Abs.1 TDG f\u00fcr eigene Inhalte auf diesen Seiten nach den allgemeinen Gesetzen verantwortlich.<br \/>Diensteanbieter sind jedoch nicht verpflichtet, die von ihnen \u00fcbermittelten oder gespeicherten fremden Informationen zu \u00fcberwachen<br \/>oder nach Umst\u00e4nden zu forschen, die auf eine rechtswidrige T\u00e4tigkeit hinweisen. Verpflichtungen zur Entfernung oder Sperrung der Nutzung von<br \/>Informationen nach den allgemeinen Gesetzen bleiben hiervon unber\u00fchrt. Eine diesbez\u00fcgliche Haftung ist jedoch erst ab dem Zeitpunkt der Kenntnis<br \/>einer konkreten Rechtsverletzung m\u00f6glich. Bei bekannt werden von entsprechenden Rechtsverletzungen werden wir diese Inhalte umgehend entfernen.<\/p><p><strong>Haftung f\u00fcr Links<\/strong><br \/>Unser Angebot enth\u00e4lt Links zu externen Webseiten Dritter, auf deren Inhalte wir keinen Einfluss haben. Deshalb k\u00f6nnen wir f\u00fcr diese fremden Inhalte<br \/>auch keine Gew\u00e4hr \u00fcbernehmen.<\/p><p>F\u00fcr die Inhalte der verlinkten Seiten ist stets der jeweilige Anbieter oder Betreiber der Seiten verantwortlich. Die<br \/>verlinkten Seiten wurden zum Zeitpunkt der Verlinkung auf m\u00f6gliche Rechtsverst\u00f6\u00dfe \u00fcberpr\u00fcft. Rechtswidrige Inhalte waren zum Zeitpunkt der Verlinkung<br \/>nicht erkennbar. Eine permanente inhaltliche Kontrolle der verlinkten Seiten ist jedoch ohne konkrete Anhaltspunkte einer Rechtsverletzung nicht<br \/>zumutbar. Bei bekannt werden von Rechtsverletzungen werden wir derartige Links umgehend entfernen.<\/p><p><strong>Urheberrecht<\/strong><br \/>Die Betreiber der Seiten sind bem\u00fcht, stets die Urheberrechte anderer zu beachten bzw. auf selbst erstellte sowie lizenzfreie Werke zur\u00fcckzugreifen.<\/p><p>Die durch die Seitenbetreiber erstellten Inhalte und Werke auf diesen Seiten unterliegen dem deutschen Urheberrecht. Beitr\u00e4ge Dritter sind als solche<br \/>gekennzeichnet. Die Vervielf\u00e4ltigung, Bearbeitung, Verbreitung und jede Art der Verwertung au\u00dferhalb der Grenzen des Urheberrechtes bed\u00fcrfen der<br \/>schriftlichen Zustimmung des jeweiligen Autors bzw. Erstellers. Downloads und Kopien dieser Seite sind nur f\u00fcr den privaten, nicht kommerziellen<br \/>Gebrauch gestattet.<\/p><p><strong>Bildnachweis<\/strong><br \/>fotolia_162163245.jpg: \u00a9 sdecoret \/ fotolia.com<br \/>fotolia_95246269.jpg: \u00a9 euthymia \/ fotolia.com<br \/>fotolia_116362755.jpg: \u00a9 iryna_l \/ fotolia.com<br \/>fotolia_155352597.jpg: \u00a9 sveta \/ fotolia.com<br \/>fotolia_63987911.jpg: \u00a9 Romolo Tavani \/ fotolia.com<br \/>fotolia_16441741.jpg: \u00a9 Franz \/ fotolia.com<br \/>fotolia_112217217.jpg: \u00a9 malp \/ fotolia.com<br \/>fotolia_63962155.jpg: \u00a9 fineart-collection \/ fotolia.com<br \/>fotolia_22472748.jpg: \u00a9 Marina Lohrbach \/ fotolia.com<br \/>fotolia_28795898.jpg: \u00a9 Butch \/ fotolia.com<br \/>fotolia_26874754.jpg: \u00a9 Vladimir Melnik \/ fotolia.com<br \/>fotolia_39838338.jpg: \u00a9 Lucaz80 \/ fotolia.com<br \/>fotolia_39292427.jpg: \u00a9 Petair \/ fotolia.com<br \/>fotolia_6210813.jpg: \u00a9 rufar \/ fotolia.com<br \/>fotolia_51876337.jpg: \u00a9 Coloures-Pic \/ fotolia.com<br \/>fotolia_32651222.jpg: \u00a9 contrastwerkstatt \/ fotolia.com<br \/>fotolia_90126653.jpg: \u00a9 smuki \/ fotolia.com<br \/>fotolia_106527909.jpg: \u00a9 Antonioguillem \/ fotolia.com<br \/>fotolia_60312729.jpg: \u00a9 Alexander Raths \/ fotolia.com<br \/>fotolia_93269255.jpg: \u00a9 rashadashurov \/ fotolia.com<br \/>fotolia_96021482.jpg: \u00a9 ~ Bitter ~ \/ fotolia.com<br \/>istock_10819658.jpg \u00a9 Jan-Otto \/ istockphoto.com<\/p>\t\t\t\t\t\t<\/div>\n\t\t\t\t<\/div>\n\t\t\t\t\t<\/div>\n\t\t<\/div>\n\t\t\t\t\t\t\t<\/div>\n\t\t<\/section>\n\t\t\t\t\t\t\t<\/div>\n\t\t","protected":false},"excerpt":{"rendered":"<p>IMPRESSUMKooperationsgesellschaft fr\u00e4nkischer Elektrizit\u00e4tswerke mbHGundekarstrasse 285072 Eichst\u00e4ttTelefon: 0 84 21 \/ 60 05 24Telefax: 0 84 21 \/ 60 05 64Internet: www.kfelt.deE-Mail: info@kfelt.deGesch\u00e4ftsf\u00fchrer:Tilo EschrichSteffen FenstererVorsitzender der Gesellschafterversammlung:Matthias Schwarz, 1. B\u00fcrgermeister der Stadt BurgbernheimHandelsregister \/ UmsatzsteuernummerHRB 2584, Registergericht IngolstadtSteuer Nr. 9\/124\/130\/70080Umsatzsteueridentifikationsnummer: DE199318928Der Inhalt dieser Seite gilt auch f\u00fcr folgende Unternehmen:Stadtwerke DettelbachElektrizit\u00e4tswerk Mainbernheim GmbHStadtwerke ScheinfeldNeustadtwerke GmbHStadtwerke UffenheimStadtwerke Bad [&hellip;]<\/p>\n","protected":false},"author":1,"featured_media":0,"parent":0,"menu_order":0,"comment_status":"closed","ping_status":"closed","template":"","meta":[],"_links":{"self":[{"href":"https:\/\/smartmeter-franken.de\/index.php\/wp-json\/wp\/v2\/pages\/331"}],"collection":[{"href":"https:\/\/smartmeter-franken.de\/index.php\/wp-json\/wp\/v2\/pages"}],"about":[{"href":"https:\/\/smartmeter-franken.de\/index.php\/wp-json\/wp\/v2\/types\/page"}],"author":[{"embeddable":true,"href":"https:\/\/smartmeter-franken.de\/index.php\/wp-json\/wp\/v2\/users\/1"}],"replies":[{"embeddable":true,"href":"https:\/\/smartmeter-franken.de\/index.php\/wp-json\/wp\/v2\/comments?post=331"}],"version-history":[{"count":21,"href":"https:\/\/smartmeter-franken.de\/index.php\/wp-json\/wp\/v2\/pages\/331\/revisions"}],"predecessor-version":[{"id":429,"href":"https:\/\/smartmeter-franken.de\/index.php\/wp-json\/wp\/v2\/pages\/331\/revisions\/429"}],"wp:attachment":[{"href":"https:\/\/smartmeter-franken.de\/index.php\/wp-json\/wp\/v2\/media?parent=331"}],"curies":[{"name":"wp","href":"https:\/\/api.w.org\/{rel}","templated":true}]}}